 7*c - 1. Determine k(4).
11
Let d(n) = n**3 - 9*n**2 + 11*n - 5. Determine d(8).
19
Let h(b) = -44*b**2 - b. Give h(1).
-45
Let u(h) = -h + 13. Determine u(11).
2
Let o(c) = 4*c**3 - 20*c**2 + 18*c - 81. Calculate o(5).
9
Let r(y) = -y + 4. Determine r(-9).
13
Let t(v) = 2*v**3 - 50*v**2 + 45*v + 68. Give t(24).
-4
Let b(w) = -2*w - 3. Determine b(4).
-11
Let x(s) = s**2 + 23*s + 82. Calculate x(-21).
40
Let q(j) = j**3 + 29*j**2 + 27*j - 35. Calculate q(-28).
-7
Let h(c) = -12*c. Determine h(6).
-72
Let q(t) = 2*t - 20. Give q(7).
-6
Let a(t) = -t - 13. Determine a(-8).
-5
Let g(b) = -b**2 - 8*b - 1. Give g(-8).
-1
Let l(d) = 3*d - 16. Determine l(6).
2
Let u(d) = -15*d - 66. Calculate u(-4).
-6
Let n(k) = -2*k**2 - 7*k - 7. What is n(-5)?
-22
Let c(w) = 4*w - 1. Determine c(5).
19
Let o(i) = -i**3 + 11*i**2 - 24*i + 7. Calculate o(9).
-47
Let d(i) = -2*i**3 + 6*i**2 + 2*i - 2. Calculate d(3).
4
Let s(l) = -29*l - 2231. Determine s(-77).
2
Let j(y) = -y**3 - 4*y**2 + 4. Determine j(-3).
-5
Let b(q) = q + 1. Determine b(5).
6
Let z(a) = 2*a**2 - 14*a - 6. Give z(9).
30
Let w(q) = -12*q + 4. Give w(-3).
40
Let u(s) = -92*s - 746. Calculate u(-8).
-10
Let k(b) = -b**2 - b - 7. Give k(-3).
-13
Let m(y) = 2*y**2 - 12. What is m(4)?
20
Let d(y) = 2*y**2 - 37*y + 26. Calculate d(18).
8
Let d(q) = q**2 - 58*q + 802. Determine d(34).
-14
Let x(m) = -10*m - 18. Give x(-13).
112
Let r(t) = 8*t - 2. Give r(-1).
-10
Let f(m) = 3*m**3 + 2*m**2 + 3*m + 1. What is f(-2)?
-21
Let a(h) = 6*h - 30. What is a(4)?
-6
Let y(v) = -v**2 + 10*v - 21. Determine y(3).
0
Let b(l) = -l - 11. Determine b(12).
-23
Let d(z) = -z**3 - z**2 - 2*z + 1. What is d(2)?
-15
Let k(p) = -p**2 + 4*p + 1. Give k(2).
5
Let l(q) = 49*q - 265. What is l(5)?
-20
Let x(u) = u**2 + 80*u + 447. Calculate x(-6).
3
Let k(y) = -10*y + 286. Calculate k(25).
36
Let f(g) = -6*g - 66. What is f(-10)?
-6
Let i(u) = -75*u + 295. Give i(4).
-5
Let o(v) = -4*v - 121. Calculate o(-31).
3
Let d(w) = 2*w**2 + 26*w + 20. What is d(-12)?
-4
Let q(a) = -a**3 - 8*a**2 + 13*a + 18. Give q(-9).
-18
Let h(v) = 6*v - 50. Give h(9).
4
Let b(m) = -2*m - 2. Determine b(-1).
0
Let a(i) = -i**3 + 25*i**2 + 23*i + 91. Determine a(26).
13
Let f(z) = -11*z + 1. What is f(2)?
-21
Let y(j) = -4*j**2. Determine y(-2).
-16
Let n(j) = j**2 + 4*j + 14. Give n(-4).
14
Let z(k) = k**3 - 3*k**2 - 2*k - 7. Give z(5).
33
Let x(d) = -d - 13. Determine x(-10).
-3
Let a(y) = -8*y. What is a(-1)?
8
Let u(a) = a**3 + 17*a**2 - 2*a - 23. What is u(-17)?
11
Let f(g) = 10*g**3 + 3*g**2 + 2*g + 4. Give f(-2).
-68
Let j(p) = 5*p + 49. Give j(-10).
-1
Let o(j) = -3*j + 6. Determine o(3).
-3
Let d(a) = 2*a + 15. Calculate d(14).
43
Let v(d) = 2*d + 27. What is v(-12)?
3
Let k(n) = 2*n**3 + 5*n**2 - 10*n + 8. What is k(-5)?
-67
Let w(q) = q**3 - 9*q**2 + 7*q + 2. Give w(6).
-64
Let h(o) = 3*o + 1. Give h(-1).
-2
Let a(n) = n + 14. Determine a(11).
25
Let k(f) = f**2 + 2*f. Calculate k(-3).
3
Let g(u) = -3*u**2 + 41*u - 62. Calculate g(11).
26
Let x(q) = -48*q + 231. Determine x(5).
-9
Let m(k) = -k**2 + 13*k - 5. Determine m(10).
25
Let p(y) = -y**3 - y + 49. Determine p(0).
49
Let h(g) = g - 9. Give h(14).
5
Let b(c) = c**3 - 3*c**2 - 4*c. Calculate b(5).
30
Let n(u) = 11*u - 25. Calculate n(18).
173
Let o(l) = -8*l - 52. Give o(-7).
4
Let r(h) = -11*h - 2. What is r(-4)?
42
Let j(m) = -6*m**2 + 177*m + 80. Calculate j(30).
-10
Let w(l) = -2*l**2 - 110*l + 116. Calculate w(-56).
4
Let y(l) = 2*l - 28. Calculate y(13).
-2
Let z(b) = -3*b + 35. Calculate z(19).
-22
Let z(n) = -18*n + 116. Calculate z(7).
-10
Let o(l) = 5*l**2 - 27*l - 13. Calculate o(6).
5
Let l(a) = -2*a - 22. Give l(-2).
-18
Let z(a) = a**3 + 13*a**2 + 13*a - 15. Calculate z(-12).
-27
Let i(k) = -23*k + 139. Calculate i(6).
1
Let h(a) = -a**3 + 3*a**2 + 5*a - 2. What is h(3)?
13
Let t(g) = -g**2 - g - 14. Determine t(-5).
-34
Let s(m) = m**3 - 2*m + 2. Calculate s(-3).
-19
Let z(t) = 6*t**2 + 2*t - 5. Calculate z(2).
23
Let y(j) = -3*j**2 + 4*j + 25. Calculate y(-3).
-14
Let u(d) = 7*d - 45. What is u(8)?
11
Let q(k) = -3*k**2 + 17*k - 7. Determine q(6).
-13
Let n(a) = -2*a - 12. What is n(-8)?
4
Let z(p) = p**2 - 14*p. Give z(15).
15
Let w(a) = 5*a**2 + 3*a - 1. What is w(1)?
7
Let u(o) = -19*o**2 + 133*o - 5. Determine u(7).
-5
Let d(a) = a + 10. Determine d(-14).
-4
Let l(d) = d**2 + 57*d - 450. Determine l(-64).
-2
Let d(s) = 2*s**2 - 16*s + 9. What is d(7)?
-5
Let a(o) = 2*o**2 - 39*o + 56. Give a(17).
-29
Let r(p) = 2*p**2 - 5*p - 16. What is r(-3)?
17
Let a(r) = -28*r + 5. Determine a(-2).
61
Let u(r) = r**2 + 2*r - 2. Determine u(5).
33
Let z(r) = -8*r**2 - 7*r - 12. Determine z(-4).
-112
Let n(c) = c**2 + 8*c + 10. Determine n(-7).
3
Let a(p) = p**2 + 15*p + 13. Calculate a(-9).
-41
Let j(m) = m**3 + 6*m**2 - 9*m - 24. What is j(-7)?
-10
Let q(t) = t**3 + 14*t**2 - 34*t + 34. Give q(-16).
66
Let u(p) = p**3 + 3*p**2 - 7*p + 4. Determine u(-5).
-11
Let x(b) = -b**2 + 23*b + 28. Give x(24).
4
Let u(c) = -2*c - 30. Calculate u(-16).
2
Let q(z) = -2*z**2 + 6*z + 6. Give q(6).
-30
Let i(v) = -16*v - 57. Calculate i(5).
-137
Let n(p) = p**2 - 9*p + 42. Calculate n(6).
24
Let k(c) = -5*c**2 + 16*c - 26. Determine k(2).
-14
Let r(c) = 3*c**2 + c - 12. Calculate r(3).
18
Let n(y) = y**2 - 21. Calculate n(5).
4
Let g(h) = -28*h + 44. Give g(4).
-68
Let l(t) = 21*t + 33. Give l(-2).
-9
Let j(r) = r**3 + 3*r**2 + 3*r + 4. What is j(-2)?
2
Let r(s) = 13*s + 12. What is r(-7)?
-79
Let o(h) = -3*h + 5. What is o(4)?
-7
Let d(a) = -32*a**2 + 2*a - 1. Give d(1).
-31
Let f(p) = p**2 + 16*p + 6. Give f(-16).
6
Let u(d) = d + 1. Determine u(9).
10
Let o(b) = b**3 + 61*b**2 - 62*b - 6. Give o(-62).
-6
Let v(o) = -2*o**2 + 5*o. Determine v(-3).
-33
Let x(g) = -g**2 + 21*g - 27. What is x(19)?
11
Let v(z) = z + 8. Give v(-6).
2
Let w(o) = o**3 + 4*o**2 + 3*o + 4. Determine w(-3).
4
Let g(s) = -s**3 + 7*s**2 + 7*s + 12. What is g(8)?
4
Let c(o) = -2*o + 44. Determine c(16).
12
Let l(i) = -i**2 - 5*i - 26. Determine l(-5).
-26
Let c(y) = 3*y**2 - 30*y + 1. What is c(10)?
1
Let b(t) = -3*t**2 + 7*t + 3. What is b(4)?
-17
Let x(a) = -a**2 - 20*a - 82. Determine x(-15).
-7
Let m(r) = -r**3 + 31*r**2 + 32*r + 3. Determine m(32).
3
Let l(f) = -5*f**2 + 6*f + 6. Give l(-3).
-57
Let f(w) = -w**3 + 16*w**2 - 7. Calculate f(16).
-7
Let l(d) = -2*d**2 - 3. Calculate l(0).
-3
Let a(l) = 2*l - 62. Determine a(34).
6
Let g(f) = -8*f - 5. Determine g(-1).
3
Let p(x) = x**3 + 4*x**2 + 3. Determine p(-3).
12
Let d(s) = -5*s + 19. Give d(12).
-41
Let a(v) = -v**3 - 7*v**2 + 8*v - 10. Calculate a(-8).
-10
Let s(v) = 22*v + 81. Calculate s(-4).
-7
Let h(f) = 3*f + 109. Give h(-14).
67
Let k(c) = c**3 + 12*c**2 - 10*c + 19. What is k(-13)?
-20
Let s(g) = -g**2 - 17*g + 3. Calculate s(-16).
19
Let y(f) = -2*f**3 - 13*f**2 - 11*f - 28. Give y(-6).
2
Let g(k) = -k**2 - 10*k + 3. Give g(-13).
-36
Let l(d) = 4*d - 7. Give l(4).
9
Let f(x) = -x**3 + 8*x**2 - 12*x - 6. Give f(5).
9
Let m(j) = j**2 - 24*j + 93. Give m(19).
-2
Let w(c) = -3*c**2 - 8*c - 20. Give w(-5).
-55
Let p(r) = r**2 + 2*r - 53. Give p(6).
-5
Let h(b) = -b**2 + 28*b - 144. Give h(20).
16
Let g(v) = -5*v - 1. Determine g(-1).
4
Let p(d) = d**3 + 6*d**2 - 2*d + 6. What is p(-5)?
41
Let c(y) = 3*y. Determine c(2).
6
Let a(m) = -4*m + 42. Calculate a(11).
-2
Let p(w) = -w**2 + 12*w - 21. Give p(9).
6
Let y(j) = -9*j**2 - 143*j + 8. Determine y(-16).
-8
Let m(p) = p**3 - 2*p**2 - 2*p + 6. Give m(3).
9
Let q(j) = -j**2 - 16*j - 13. Determine q(-15).
2
Let x(f) = f**3 + 21*f**2 - 22*f - 14. Determine x(-22).
-14
Let o(a) = -a**2 + 17*a - 17. Calculate o(14).
25
Let r(h) = h - 58. Determine r(16).
-42
Let m(z) = z**2 - 6. Calculate m(-3).
3
Let w(c) = -c**2 - 9*c - 16. Determine w(-2).
-2
Let d(c) = 24*c - 4. Determine d(-2).
-52
Let x(b) = b**3 + 3*b**2 - 3*b + 6. What is x(-5)?
-29
Let y(i) = -i**3 + 17*i**2 - 17*i - 1. What is y(16)?
-17
Let r(b) = b**2 - 13*b + 14. Calculate r(9).
-22
Let s(i) = -8*i + 34. Determine s(0).
34
Let a(v) = v**3 + 8*v**2 + 5*v + 29. Determine a(-8).
-11
Let l(t) = -t**3 + 5*t**2 + 8*t + 2. Determine l(6).
14
Let b(h) = 42*h**3 + h**2 - 2*h. Give b(1).
41
Let d(h) = -h**3 - 25*h**2 - 99*h + 14. What is d(-20)?
-6
Let w(